 Let w(u) = u**3 + 14*u**2 + 4*u - 11. What is the tens digit of w(d)?
4
What is the tens digit of ((2 - -1058) + -5*6/(-30))*2?
2
Let w(r) = -r**3 - 9*r**2 + 13*r + 27. Let t be w(-10). What is the tens digit of 39844/112 + t/4?
5
Let p be 14/(-91) + -2*(-6634)/52. What is the units digit of (-22 - 2)*p/(-12)?
0
Let n = 53173 - 19421. What is the ten thousands digit of n?
3
Let d(m) = 3*m**2 + 7*m + 11. Let w(i) = -i**3 - 2*i**2 + 11*i + 5. Let l be w(-4). Let p = 2 + l. What is the units digit of d(p)?
1
Let h(s) = -45*s - 269. Let o be h(-6). Let f be (-1 + -15)*(-3)/(-2). What is the units digit of -4 - (o + f/2)?
7
Suppose -116*d + 4695546 = 22*d - 602274. What is the hundreds digit of d?
3
Let f(i) = -133*i - 1228. What is the ten thousands digit of f(-101)?
1
Suppose 40908 = 4*a + 4*y, -22*y + 19*y = -4*a + 40866. What is the ten thousands digit of a?
1
Suppose 2*g - 3*v - 20 = 0, g + 6*v = 4*v + 24. Suppose g = -3*n + 328. What is the hundreds digit of n?
1
Let v(f) be the first derivative of f**4 - 2*f**3/3 - 4*f + 5. Let g be v(2). Suppose d = -2*s + g + 6, 2*s = -2*d + 22. What is the tens digit of s?
1
Let x(l) = -321*l - 3715. What is the hundreds digit of x(-32)?
5
Suppose 18*i - 96*i - 53922 = -191358. What is the hundreds digit of i?
7
What is the ten thousands digit of (-35 + (-1006830)/210)/((-4)/14)?
1
Let m = 15194 - 8272. What is the thousands digit of m?
6
Suppose -3*k = -n - 0*k - 8, 0 = 3*k - 3. What is the tens digit of n + 9 + -6 + (36 - -3)?
3
Suppose 2*i - 3*d = 38912, -37*d - 97217 = -5*i - 40*d. What is the tens digit of i?
4
Suppose 11*r + 42*r + 6575904 = 311*r. What is the ten thousands digit of r?
2
Suppose -3*x = -2*t + 9140, 2*x = 374*t - 368*t - 27378. What is the hundreds digit of t?
5
Let o be (-235)/(-141) + (-4)/(-3). Suppose 2*l + o*h - 2530 = 0, -l + 764 + 506 = -h. What is the hundreds digit of l?
2
Suppose -t + 22*t = 0. Suppose t = 6*r - 1854 - 348. What is the tens digit of r?
6
Suppose -531 = 6*p - 5*p - 3*u, -4*p + 5*u - 2124 = 0. Let j = p - -905. What is the units digit of j?
4
Let y = -15033 + 27803. What is the ten thousands digit of y?
1
Let b = -1534 + 18431. What is the ten thousands digit of b?
1
Let r be 2/(26/6 + -4). Let g(h) = -5*h + 6 - 2 + h**2 + 2*h**3 - 2*h**2 - 10*h**2 + 5*h**2. What is the tens digit of g(r)?
9
Suppose -4*h = -h - 21. Let m = 1 - h. What is the units digit of (33/m - -4)*-38?
7
Suppose -3*y + 66 - 15 = 0. Suppose 9*u + 2464 = y*u. What is the units digit of u?
8
Let x be (-544)/(-10)*125/50. Suppose 4*o - x = 4*f, f = 4*o + 6*f - 109. What is the tens digit of o?
3
Let a(g) = -62*g - 98. Let r(s) = s**2 + 21*s + 59. Let m be r(-17). What is the hundreds digit of a(m)?
4
Let z = -14506 - -22407. What is the units digit of z?
1
Suppose -160*w = -5695007 - 364193. What is the hundreds digit of w?
8
Suppose z = 4, 11 = 4*u - 5*z - 1. Suppose u*c - 21 = c. Let t(g) = -g**3 + 5*g**2 + 3*g - 3. What is the units digit of t(c)?
4
Let l(t) = -7065*t**2 - 13*t + 7064*t**2 - 3*t + 393. What is the units digit of l(0)?
3
Let w(s) = 7*s - 28. Let a(y) = 7*y - 27. Let o(d) = -6*a(d) + 5*w(d). Let v(q) = q**3 - 4*q**2 - q - 5. Let n be v(4). What is the units digit of o(n)?
5
Let s = 309 + 11743. What is the thousands digit of s?
2
Suppose 228*x + 48 = 232*x. Let f be (2 + 136/1)/1. Let t = x + f. What is the tens digit of t?
5
Let q be 46*((-116)/(-8) - 8). Let d be (8/(-10))/(2/(-60)). Suppose 0 = -m - d + q. What is the units digit of m?
5
Let t(g) = -1494*g - 7643. What is the hundreds digit of t(-22)?
2
Let q(n) = 3*n**3 - 10*n**2 - 14*n + 10. Let c be q(-7). Let m = -148 - c. What is the thousands digit of m?
1
Let v = 9 - 9. Let m be (1 + 44 + 3)*(4 + -3). What is the tens digit of (-12)/m + v + 1642/8?
0
Suppose 3*d + n = 7079, 57*d + 5*n = 61*d - 9464. Suppose -29*b + 15614 = d. What is the tens digit of b?
5
Let z = -886 - -2490. What is the tens digit of z?
0
Suppose -81*j + 394323 = -336702. What is the tens digit of j?
2
Let j = -1512 + 14549. What is the ten thousands digit of j?
1
Let l(u) = -416*u**2 + 12 - 33*u + 20 + 486*u**2. What is the tens digit of l(1)?
6
What is the hundreds digit of (285/9)/((-22)/(-9174))?
2
Suppose -15*f + 226484 = 19589. What is the hundreds digit of f?
7
Let d = -29 - -34. Suppose -2*x = -5*x - d*n + 23, 10 = 2*x - 2*n. Suppose 2*h - 672 = -x*h. What is the tens digit of h?
8
Let y(h) = 4*h**2 - 5*h + 8. Let j(f) = 5*f**2 - 4*f + 9. Let d(z) = -2*j(z) + 3*y(z). Let p(m) be the first derivative of d(m). What is the tens digit of p(7)?
2
Let m(d) = -150*d**2 - d. Suppose 6*p + 19 = 13. Let r be m(p). Let g = 110 - r. What is the hundreds digit of g?
2
Suppose -4*b + 4*x - 176 = 0, -3*x + 42 + 129 = -4*b. Let h = 5 + b. Let q = 78 + h. What is the units digit of q?
4
Let b(d) = -287*d**2 + d - 1. Let q be b(-1). What is the units digit of (2 - q)*(28/(-21) + 3)?
5
Suppose -y + 2*y = -3506 + 14060. What is the thousands digit of y?
0
Suppose 0 = 8*n - 3*n - 100. Suppose n*t + 25 = 25*t. Suppose -7*g = -3*g - s - 319, -t*g + 402 = 2*s. What is the units digit of g?
0
Suppose -2*m = 3*l - 23, 0 = -4*l + 9*l - 25. Suppose m*w - 4*s = 6080, 4*s + 11 = 3. What is the units digit of w?
8
Let j(m) = 31*m**3 + 9*m**2 - 30*m + 3. What is the hundreds digit of j(5)?
9
Let m be (-93)/(-3)*((-1)/(-1) - -3). Suppose 0*g - 238 = 4*g - 3*q, 0 = 2*g + q + m. Let y = g - -184. What is the tens digit of y?
2
Let v be (72/126)/(4/14). Suppose -3*i - 616 = -v*w, -5*w + 7*i + 1531 = 4*i. What is the units digit of w?
5
Let i = -96 - -98. Let f(q) = q**2 + 5*q**i + 2*q**2 - 7*q**2 + 1 - q. What is the units digit of f(10)?
1
What is the hundreds digit of (552/(-48))/(205/(-34) + 6)?
3
Suppose 0 = 5*p - 10, 4*f + p = -3816 + 29438. What is the tens digit of f?
0
Let a(q) = 356*q**3 + 4*q**2 - q - 1. Let j be a(1). Suppose 4*h - 2*g = 1376, -5*g + 2*g = h - j. What is the tens digit of h?
4
What is the units digit of (54 + 1 + -4)/(75546/6294 - 12)?
3
Let y = 193 - 191. Suppose y - 4 = q, -307 = -l - 4*q. What is the hundreds digit of l?
3
Suppose -4*b - 3*x = -2792, -b + 6*b - 2*x = 3490. Let p = b - 326. What is the units digit of p?
2
Let u(z) = -5794*z - 36. Let x be u(-1). Suppose -x + 1194 = -7*w. What is the tens digit of w?
5
Let i be 2/(-8) - (-723)/12. What is the tens digit of ((-78)/(-12) - 5)*i?
9
Let z(c) = -c**3 - 8*c**2 - 9*c - 2. Let f be z(-7). Suppose -f*l + 2623 + 389 = 0. What is the hundreds digit of l?
2
Suppose 176*i - 558*i = 355*i - 17654098. What is the tens digit of i?
5
Let r(m) = 77*m + 1406. What is the tens digit of r(36)?
7
Let r = 20493 + -5357. What is the thousands digit of r?
5
Suppose 0 = 4*o - 2*o. Suppose -n - 5*y = -98, o*y + 4*y + 16 = 0. What is the units digit of n?
8
Let i be (2/(-2)*1 - -4) + -2. Suppose -u + i = 2. What is the hundreds digit of ((-945)/(-10))/(u/4*-2)?
1
Let w be 2 - (-124)/(-4) - 0. Let m = -29 - w. Suppose 23*j - 21*j - 114 = m. What is the tens digit of j?
5
Let m = 117589 + -67478. What is the thousands digit of m?
0
Let q(p) = 26*p**2 + 785*p + 2 - 785*p. Let j(n) = -25*n**2 - 1. Let o(l) = -3*j(l) - 2*q(l). What is the tens digit of o(1)?
2
Suppose 150*y = 162*y - 145320. What is the thousands digit of y?
2
Let q(i) = -2*i**2 + 76*i - 17. Suppose 0 = o - 2*r - 25, -3*o = 2*r - 62 - 37. What is the tens digit of q(o)?
1
Suppose 0 = 92*l - 157*l + 907205. What is the thousands digit of l?
3
Let m(y) = -5*y + 31. Let j be m(5). Let q = 11 - j. Suppose -p = -4*k + 702, q*k + 5*p = 2*p + 886. What is the units digit of k?
6
Suppose 23*l = 29*l - 12. Suppose -3 = l*s - 5, -3*x - s = -28. What is the units digit of x?
9
Let s(l) = l**3 - 10*l**2 - 2*l - 22. Let k be s(10). Let r = k - -46. Suppose -985 = -5*p - f, -3*p + r*f + 361 = -230. What is the tens digit of p?
9
Suppose 14*g - 20 = 12*g. What is the hundreds digit of g*-41*14/(-7)?
8
Suppose 42*x - 47*x = -3*h - 393548, 4*h + 157436 = 2*x. What is the tens digit of x?
0
Let q = 7 - 3. What is the units digit of (-165)/(q/(-14) - 272/224)?
0
Let a(b) = -6*b**3 - 18*b**2 - 7*b + 32. Let p(j) = -j**3 - j**2 - j - 1. Let s(f) = -a(f) + 5*p(f). What is the units digit of s(-12)?
3
Let m be (-4)/14 - (-58)/28*-10. Let t be 2/((4/m)/(66/(-9)